50 = -4*c, -3*c + 58 = 2*c - 4*k. Let n = -5 + c. Let x = n - -15. What are the prime factors of x?
2, 5
Suppose 0 = -0*c + 3*c - 12. List the prime factors of c.
2
Suppose r + 6 = -2*p - 0*r, 19 = -3*p + r. Let b = p + 8. Let y(f) = -f**3 + 4*f**2 - 3*f + 4. What are the prime factors of y(b)?
2
Let y(q) = 7*q**3 - q + 1. Let f be ((-2)/(-5))/(2/20). Let h = -3 + f. What are the prime factors of y(h)?
7
Let w be 2*((-1 - 0) + 3). Let k = w - -12. List the prime factors of k.
2
Suppose r - 4*r = -3*m + 21, 5*m + 2*r - 56 = 0. Suppose 3*c - 4*d + m = 0, 4*d = -4*c - 8 + 32. List the prime factors of 13 + c + -2 + -1.
2, 3
Suppose 17*z = 32 - 15. Suppose 0 = -3*j - 5*d + 140, 5*j = 2*d + d + 222. List the prime factors of j*z*4/10.
2, 3
Suppose 15 = -5*v + 2*l, 2*v - 20 = -3*v - 5*l. Let t(q) = 10*q**2 - 2*q - 1. Let w be t(v). Let p = -6 + w. What are the prime factors of p?
5
Let h(x) = -x**3 + 16*x**2 - 22*x - 9. List the prime factors of h(12).
3, 101
Suppose h + 2*h + 3*l - 15 = 0, h = 4*l. Suppose 7*d - 63 = 2*d + 2*x, 2*d - 30 = -h*x. List the prime factors of d.
13
Suppose 2*t + 2*t = 3*o - 113, -o + t + 39 = 0. List the prime factors of o.
43
Suppose -5*a + 4*a = -3. Suppose 3*h - 3*m = 21, a*m = 5*h + 8 - 39. Suppose -h*s - 19 = -49. List the prime factors of s.
2, 3
List the prime factors of (81/(-45))/((-2)/10).
3
Let w(f) = f + 5. List the prime factors of w(17).
2, 11
Let a be -5 + (1 + -2)*-2. Let z(l) = -2*l - 3. Let o be z(a). Suppose 0*d + 2*w = 4*d - 6, 0 = -o*w + 15. What are the prime factors of d?
2
Let c(g) = 2*g + 11. Let p = 5 - 5. List the prime factors of c(p).
11
Suppose 2 + 5 = -n + 3*z, n - 5*z = -15. Suppose -4*u + 40 = -2*a, -18 = -n*u + a + 26. What are the prime factors of u?
2
Suppose -5*y - 2 = -17. Suppose y*z + z + 12 = 0. List the prime factors of (-6 - (-1 + 0))*z.
3, 5
Let q(z) = z**3 - 3*z**2 + 3*z - 2. Let a be q(2). Suppose a = g + g - 10, -u + 5*g - 23 = 0. Suppose -u*c = 3*c - 20. What are the prime factors of c?
2
Let d(u) = u**3 + 2*u**2 - 1. Suppose -15 = 5*r + 3*z, -3*z - 19 + 4 = r. Let h be (-1 - 0)/(-1 - r). What are the prime factors of d(h)?
2
Suppose 0 = 4*i - a - 519 + 32, 2*i - 2*a - 242 = 0. List the prime factors of i.
2, 61
Let d(w) = -3 + w**2 - 3*w + 4 + 0*w**2. What are the prime factors of d(5)?
11
Let v(c) = c**2 - 6*c + 6. Let m = -10 - -15. Let n be v(m). List the prime factors of (-1)/(-1)*6/n.
2, 3
Suppose 184 = d + 3*d. What are the prime factors of d?
2, 23
Suppose 2*d - 2*k = -6, 5*k + 30 + 4 = -2*d. Let x = -4 - d. Suppose 4*s + 16 = 4*g - s, x*s = -g + 4. What are the prime factors of g?
2
Suppose 0*t - 2 = 2*t. Let w be t + 12/(-3) + 2. Let z(h) = -h - 1. What are the prime factors of z(w)?
2
List the prime factors of (-39 + 2)*-1 + 1.
2, 19
Suppose -2*p + 26 = -38. List the prime factors of p.
2
Let b(d) = 5*d**2 - d + 1. Let l(n) = n - 11. Let s be l(9). What are the prime factors of b(s)?
23
Let d(y) = -2*y + 9. Let k be d(6). List the prime factors of k - (-15)/2*2.
2, 3
Suppose 3*o - 64 = 179. List the prime factors of o.
3
Suppose 0 = -h + 5*h + 20. Let k = 8 + h. List the prime factors of k.
3
Let n be 2 - (-2 - -2 - 1). Suppose 0*x = x - n. What are the prime factors of x?
3
Suppose -4*o - 3 = 5*y, -2*y = -2*o + 2 + 10. Suppose o*r - 42 = r. List the prime factors of r.
3, 7
Let w be -1 - 2/(-2) - -5. Suppose -2*z + 28 = 5*x, -w*z + 0*z - 5*x = -40. What are the prime factors of z?
2
Suppose -3*s - 4*o = -6*s - 1, 3*s = 2*o + 1. Let y = s + -5. What are the prime factors of y/(8/(-10))*1?
5
Suppose -t + 5*t = -8. Let u be 5*(-2 - t - -3). Suppose 5*j = -s + u + 10, 4*s - 5*j = 0. What are the prime factors of s?
5
Suppose m - 2*b + 9 = -0*m, 0 = 4*m - 2*b + 42. List the prime factors of (-262)/m + (-4)/(-22).
2, 3
Suppose 44 = -4*a + 324. What are the prime factors of a?
2, 5, 7
Let l(i) = 2*i**2 - 8*i + 7. Let t(a) = -a**2 + 7*a - 6. Let x be t(7). Let w = x - -11. What are the prime factors of l(w)?
17
Let p = 57 + -25. Let r = -13 + p. Suppose 2*g + 2*q - 3 = 9, -4*g = -q - r. What are the prime factors of g?
5
Let l = 0 - 6. Let g(d) = -d**3 - 5*d**2 + 7*d - 8. Let k be g(l). What are the prime factors of -3 - (k + -2 + 5)?
2
Let b be ((-37)/3)/(10/(-120)). Suppose 6*u = u - 4*q + 230, -4*u + 4*q + b = 0. What are the prime factors of u?
2, 3, 7
Suppose -518 = -5*z + 27. What are the prime factors of z?
109
Let r be 48/9 - 4/12. Suppose -57 = -r*v + 93. List the prime factors of v.
2, 3, 5
Suppose -4*k = 5*d - 13, 5*d = 4*k - 0*d - 3. Suppose -k*o = 4*q - 52 + 20, 0 = 4*o + 2*q - 46. What are the prime factors of o?
2, 5
Suppose 21 = 5*n + 6. Suppose n*k = -2*b + 20, -21 = -b + 2*k + 2*k. What are the prime factors of b?
13
Suppose 0 = z + 3*z - 3*x - 139, z = -4*x + 11. List the prime factors of z.
31
Let t = 15 - 15. Suppose -i + 24 = -t*j + j, 0 = -2*j + i + 45. What are the prime factors of j?
23
Let a(l) = -5*l - 4. What are the prime factors of a(-5)?
3, 7
Let r = 1 + 2. Suppose 0 = -8*x + 9*x - 4. Suppose -r*k = 3*a - 6, -x*k = -5*a - 3 + 49. What are the prime factors of a?
2, 3
Let s(b) = -b**3 - 14*b**2 - 7*b + 13. List the prime factors of s(-14).
3, 37
List the prime factors of (-6 - -5) + 0 + -1 + 224.
2, 3, 37
Suppose -5*w + 160 = 5*u, 0 = w + 2*w + u - 92. What are the prime factors of w?
2, 3, 5
Let i = 5 - 5. Suppose -z + 4*z = i. Suppose z = 5*u - 8 - 27. List the prime factors of u.
7
Let b(v) = v**2 + 10*v - 20. Suppose 0 = 6*y - y + 70. List the prime factors of b(y).
2, 3
What are the prime factors of 8/2 - (5 - 8)?
7
Suppose -16 = n + j - 5, -3 = -3*j. List the prime factors of (-16)/(-10)*(-30)/n.
2
Let y = 1 + 27. List the prime factors of y.
2, 7
Suppose 5*r + z - 32 = 0, -5*z = -r + 3*r - 22. List the prime factors of (2/4)/(r/24).
2
Suppose -2*b + 6 = i, 3*i + 2*b = -2*b + 16. Let u be 2 + 2 + -1 + -2. Let g = i - u. What are the prime factors of g?
3
Suppose 0 = 3*j - 71 + 20. Suppose -3*k + j = -1. What are the prime factors of k?
2, 3
Let q be (-5)/(-5)*2/1. Suppose -n + 10 = -q. List the prime factors of n.
2, 3
Let o be 23 - 1 - (-5)/5. Suppose -2*f + o = 3*n - 0*n, -10 = -f - 3*n. List the prime factors of f.
13
What are the prime factors of (22/(-6) + 3)*-78?
2, 13
Let o = -10 + 10. Suppose -5*r - h - 110 = o, h + 2*h + 120 = -5*r. List the prime factors of 6/r - 228/(-14).
2
What are the prime factors of 59/1 - (4 + (-7 - -3))?
59
Suppose 4*h = -z + 7, 2*h + 0*h - 7 = -z. Suppose -y - 69 = -2*f, 3*f - 4*y - 98 = -z. What are the prime factors of f?
37
Let h = -195 - -281. What are the prime factors of h?
2, 43
What are the prime factors of (-9*116/(-6))/(-4 - -6)?
3, 29
Let f(g) = g. Let y be f(1). Let d be -2*(-24)/3*y. Suppose 2*j = -5*x + 6, 4*j + d = 4*x - 0*j. List the prime factors of x.
2
Let n(m) be the third derivative of 7*m**5/60 - m**4/24 + m**3/3 + 5*m**2. List the prime factors of n(1).
2
Suppose l - 91 = 3*q, q + 12 = -3*q. List the prime factors of l.
2, 41
Suppose c = -1, x + c - 1 = -2. Suppose -3*o + 4*o - 10 = x. What are the prime factors of o?
2, 5
Let y(r) = r**2 - 6. What are the prime factors of y(3)?
3
Let s = 7 - 4. Let l = s + 10. What are the prime factors of l?
13
Let w(j) = -j**3 - 2*j**2 + 2*j - 1. Let d be w(-3). Suppose -5*y - d*p = -105, y + 3*p + 42 = 4*y. Let n = y - 9. What are the prime factors of n?
2, 5
Let v be (402/4)/((-27)/(-36)). Suppose 0 = -2*s - r + 66, -r = 4*s - 0*r - v. List the prime factors of s.
2, 17
List the prime factors of ((-10)/20)/((-2)/156).
3, 13
Suppose -3*w + 2*w + 9 = 0. List the prime factors of 79/w + 6/27.
3
Suppose 3*o + 5*z = z, 5*z + 15 = 0. Suppose -f - o*f = -25. List the prime factors of f.
5
Suppose -4*h + 12 = -0*h. Let o = 3 + h. Suppose -5*i + 54 = -5*a - o, -3*i + 36 = -a. List the prime factors of i.
2, 3
Suppose -43 = -b + 59. List the prime factors of b.
2, 3, 17
Let g(x) = 3*x**2 - 2*x + 1. What are the prime factors of g(3)?
2, 11
Let o(a) = a**3 - 6*a - 2. What are the prime factors of o(4)?
2, 19
Let s(u) = -u**3 + 6*u**2 + 8*u - 1. Let h be s(7). Suppose 0 = -3*v - 2*t + h*t + 101, -v = -2*t - 35. Suppose 4 = 5*g - v. List the prime factors of g.
7
Suppose -t + 5 = 2*o - 2, -17 = -o - 5*t. List the prime factors of 3 - (8/(-2) - o)